370 a factor of 31489711?
False
Does 106 divide 152364785?
False
Does 38 divide 31351900?
True
Is 5000807 a multiple of 5?
False
Does 198 divide 2004156?
True
Is 28 a factor of 82828900?
True
Does 1285 divide 359203760?
True
Is 7 a factor of 5398699?
False
Is 40552186 a multiple of 878?
True
Is 379488928 a multiple of 196?
True
Does 411 divide 1236847270?
False
Does 1166 divide 378350676?
True
Is 1160 a factor of 1144248360?
True
Does 626 divide 9400016?
True
Is 172 a factor of 28388944?
True
Is 356 a factor of 107727651?
False
Is 26 a factor of 1025861490?
False
Is 2 a factor of 267325139?
False
Does 58 divide 50925450?
True
Does 37 divide 8524430?
True
Does 32 divide 19579113?
False
Is 273040306 a multiple of 14?
True
Is 2021463273 a multiple of 4246?
False
Is 12379103 a multiple of 3?
False
Is 13141260 a multiple of 36?
True
Does 319 divide 84424307?
True
Does 27 divide 603506464?
False
Is 1196 a factor of 3084688516?
True
Does 1274 divide 536046966?
True
Is 4172088480 a multiple of 672?
True
Is 793 a factor of 52345137?
True
Does 448 divide 17535168?
True
Is 61846127 a multiple of 19?
False
Does 120 divide 360071400?
True
Is 61012171 a multiple of 34?
False
Is 73 a factor of 16393683?
True
Does 1744 divide 50810372?
False
Is 197 a factor of 1061225846?
False
Is 918 a factor of 76216455?
False
Is 13 a factor of 59695729?
False
Is 166723573 a multiple of 391?
True
Is 113 a factor of 711093519?
True
Does 190 divide 23396980?
True
Is 1045869136 a multiple of 494?
True
Is 436 a factor of 89881400?
True
Does 32 divide 4712096?
True
Is 2175126633 a multiple of 376?
False
Is 1535152122 a multiple of 9?
True
Is 13955215 a multiple of 913?
False
Is 435 a factor of 1423951000?
False
Is 894078448 a multiple of 236?
True
Is 38999098 a multiple of 24?
False
Does 2326 divide 1759267774?
True
Does 1932 divide 142025184?
True
Is 25137963 a multiple of 729?
False
Does 381 divide 28578429?
True
Does 1290 divide 162501703?
False
Does 4391 divide 4964411547?
False
Does 567 divide 2958039?
True
Does 5 divide 87468513?
False
Is 19 a factor of 166313205?
False
Is 902364760 a multiple of 20?
True
Is 9487 a factor of 875638317?
False
Does 584 divide 1858269941?
False
Is 2284 a factor of 161812264?
True
Does 29 divide 53660295?
True
Does 1988 divide 1136498410?
False
Is 5 a factor of 54467880?
True
Is 155 a factor of 212529490?
True
Is 593 a factor of 5397904565?
False
Is 98 a factor of 31421642?
True
Is 1854264912 a multiple of 16?
True
Is 12 a factor of 2850550638?
False
Does 99 divide 3669631?
False
Is 95939675 a multiple of 459?
False
Does 94 divide 711783886?
True
Is 104661184 a multiple of 412?
True
Does 3478 divide 5116138?
True
Is 47 a factor of 21944122?
False
Is 260753836 a multiple of 366?
False
Is 11 a factor of 17399236?
False
Does 13 divide 1136802396?
False
Is 5 a factor of 1409732?
False
Is 963 a factor of 2589335?
False
Is 721 a factor of 166653844?
False
Is 100443552 a multiple of 363?
True
Is 18 a factor of 69515070?
False
Does 483 divide 1108388530?
False
Does 47 divide 293770211?
False
Is 2129 a factor of 103421062?
False
Is 18976144 a multiple of 88?
True
Is 4388800 a multiple of 200?
True
Is 13 a factor of 6588047?
False
Is 1543826535 a multiple of 6?
False
Is 29815551 a multiple of 9?
True
Is 523017066 a multiple of 114?
True
Does 5 divide 2316593445?
True
Does 612 divide 3728450?
False
Does 170 divide 36365744?
False
Is 19215114 a multiple of 6?
True
Does 18 divide 343155204?
True
Is 191593026 a multiple of 73?
True
Does 15 divide 166312683?
False
Does 206 divide 48991023?
False
Is 43135442 a multiple of 46?
True
Is 9095132 even?
True
Does 48 divide 93969831?
False
Is 5914 a factor of 215056696?
True
Does 711 divide 18054257?
False
Is 213 a factor of 238256179?
False
Is 451 a factor of 27836699?
False
Is 12271420 a multiple of 644?
True
Is 86469768 a multiple of 616?
True
Is 154 a factor of 96273026?
False
Is 465177600 a multiple of 3840?
True
Is 595 a factor of 2356506987?
False
Is 26 a factor of 33502271?
False
Is 17 a factor of 21499254?
True
Is 2525294 a multiple of 16?
False
Is 1964637912 a multiple of 15?
False
Is 45 a factor of 1394170?
False
Does 83 divide 240947343?
False
Does 3767 divide 180205746?
True
Is 1769 a factor of 1168471357?
False
Is 46 a factor of 426650414?
True
Is 720503888 a multiple of 3446?
False
Is 17 a factor of 121698597?
True
Is 42708988 a multiple of 686?
True
Does 2135 divide 31499047?
False
Does 8 divide 681990822?
False
Is 27 a factor of 26092618?
False
Does 1084 divide 1037537592?
True
Is 272405565 a multiple of 37?
False
Does 2399 divide 4754837192?
True
Is 216 a factor of 70268851?
False
Does 15 divide 445187445?
True
Does 188 divide 82505231?
False
Does 624 divide 2089796945?
False
Is 254 a factor of 212774878?
False
Is 346 a factor of 351923174?
True
Does 26 divide 21384740?
True
Is 1753059670 a multiple of 11789?
False
Does 1603 divide 607950663?
False
Is 3299197188 a multiple of 1978?
True
Is 692262708 a multiple of 97?
False
Does 15 divide 1386479631?
False
Is 14611 a multiple of 13?
False
Is 2123133086 a multiple of 248?
False
Is 34198266 a multiple of 3?
True
Is 147159580 a multiple of 20?
True
Is 543764 a multiple of 99?
False
Is 29 a factor of 298913182?
False
Is 24 a factor of 464304936?
True
Is 25 a factor of 153419021?
False
Does 1029 divide 10095820?
False
Is 614 a factor of 12006868?
False
Is 119 a factor of 2027123469?
True
Is 4 a factor of 27615417?
False
Is 258537344 a multiple of 26?
True
Does 225 divide 598592605?
False
Does 74 divide 26355544?
True
Is 357382515 a multiple of 105?
True
Is 11 a factor of 73598547?
True
Does 18 divide 116506854?
True
Is 394 a factor of 1222699018?
True
Does 17 divide 810064612?
False
Is 37 a factor of 748626?
False
Does 784 divide 52205776?
True
Is 6178 a factor of 1107062784?
False
Is 1312824938 a multiple of 435?
False
Is 352 a factor of 81590564?
False
Is 293811516 a multiple of 2489?
True
Does 186 divide 36873679?
False
Is 57440292 a multiple of 7?
True
Is 8 a factor of 130008397?
False
Is 1450240 a multiple of 1133?
True
Does 7 divide 3606529?
False
Is 9 a factor of 1115427222?
True
Does 99 divide 18946528?
False
Is 578518873 a multiple of 1187?
True
Is 49221216 a multiple of 54?
True
Is 25 a factor of 625993150?
True
Does 821 divide 5242085?
True
Is 75 a factor of 310010475?
True
Is 802396965 a multiple of 28?
False
Does 18 divide 159405845?
False
Is 43 a factor of 642425279?
False
Does 65 divide 3917875?
True
Is 161259431 a multiple of 37?
True
Is 97 a factor of 45239442?
True
Does 37 divide 329678094?
False
Is 111 a factor of 14388571?
False
Is 10 a factor of 11684020?
True
Is 67632453 a multiple of 2247?
True
Does 109 divide 1451335?
True
Is 35036464 a multiple of 691?
True
Does 171 divide 172399384?
False
Is 705012726 a multiple of 417?
True
Does 89 divide 472860003?
False
Is 155919810 a multiple of 128?
False
Is 659577824 a multiple of 41?
True
Is 168107225 a multiple of 334?
False
Is 1451923808 a multiple of 4384?
True
Does 756 divide 716577261?
False
Is 2054 a factor of 639392267?
False
Is 43 a factor of 455901179?
True
Is 262 a factor of 1107161696?
True
Is 49 a factor of 450952096?
True
Is 186 a factor of 477615636?
True
Does 1357 divide 25300516?
False
Is 1351 a factor of 30142161?
True
Is 335032501 a multiple of 195?
False
Is 259 a factor of 43081542?
True
Is 30 a factor of 12654780?
True
Is 5458 a factor of 670528521?
False
Is 121497514 a multiple of 97?
False
Does 216 divide 60795405?
False
Is 639 a factor of 481385538?
True
Does 1051 divide 4696375?
False
Is 878 a factor of 2454708762?
False
Is 4820 a factor of 246596020?
True
Does 858 divide 96459792?
True
Is 5458 a factor of 985295492?
False
Is 2099 a factor of 3349878060?
True
Does 66 divide 47632343?
False
Is 3288008016 a multiple of 10392?
True
Is 35 a factor of 58896040?
True
Is 529214187 a multiple of 112?
False
Does 64 divide 252138688?
True
Is 20 a factor of 1233298060?
True
Does 84 divide 4648056?
True
Is 9357765 a multiple of 60?
False
Is 10 a factor of 54540040?
True
Is 71606777 a multiple of 57?
False
Is 53 a factor of 6830269?
True
Is 1554394842 a multiple of 22?
True
Is 53242826 a multiple of 3382?
True
Does 37 divide 452362?
True
Is 244 a factor of 65832936?
False
